{"id":2281,"date":"2018-01-02T04:50:55","date_gmt":"2018-01-02T04:50:55","guid":{"rendered":"http:\/\/demo2.drfuri.com\/martfury12\/?page_id=2281"},"modified":"2018-01-02T04:50:55","modified_gmt":"2018-01-02T04:50:55","slug":"your-recent-viewed","status":"publish","type":"page","link":"https:\/\/meyazon.com\/index.php\/your-recent-viewed\/","title":{"rendered":"Your Recently Viewed"},"content":{"rendered":"\t\t<div data-elementor-type=\"wp-post\" data-elementor-id=\"2281\" class=\"elementor elementor-2281\" data-elementor-settings=\"{&quot;ha_cmc_init_switcher&quot;:&quot;no&quot;}\" data-elementor-post-type=\"page\">\n\t\t\t\t\t\t<section class=\"elementor-section elementor-top-section elementor-element elementor-element-29e32a16 elementor-section-boxed elementor-section-height-default elementor-section-height-default\" data-id=\"29e32a16\" data-element_type=\"section\" data-e-type=\"section\" data-settings=\"{&quot;_ha_eqh_enable&quot;:false}\">\n\t\t\t\t\t\t<div class=\"elementor-container elementor-column-gap-default\">\n\t\t\t\t\t<div class=\"elementor-column elementor-col-100 elementor-top-column elementor-element elementor-element-43ecbd7\" data-id=\"43ecbd7\" data-element_type=\"column\" data-e-type=\"column\">\n\t\t\t<div class=\"elementor-widget-wrap elementor-element-populated\">\n\t\t\t\t\t\t<div class=\"elementor-element elementor-element-10597976 elementor-widget elementor-widget-martfury-recently-viewed-products\" data-id=\"10597976\" data-element_type=\"widget\" data-e-type=\"widget\" data-widget_type=\"martfury-recently-viewed-products.default\">\n\t\t\t\t<div class=\"elementor-widget-container\">\n\t\t\t\t\t<div class=\"mf-product-recently-viewed woocommerce\"><ul class=\"products columns-5\">\n<li class=\"col-xs-6 col-sm-4 col-mf-5 un-5-cols product type-product post-4535 status-publish first instock shipping-taxable product-type-simple\">\n\t<div class=\"product-inner  clearfix\"><div class=\"mf-product-thumbnail\"><a href=\"https:\/\/meyazon.com\/index.php\/produit\/reverse-withdrawal-payment\/\"><img fetchpriority=\"high\" decoding=\"async\" width=\"300\" height=\"300\" src=\"https:\/\/meyazon.com\/wp-content\/uploads\/woocommerce-placeholder-300x300.webp\" class=\"woocommerce-placeholder wp-post-image\" alt=\"Texte indicatif\" srcset=\"https:\/\/meyazon.com\/wp-content\/uploads\/woocommerce-placeholder-300x300.webp 300w, https:\/\/meyazon.com\/wp-content\/uploads\/woocommerce-placeholder-1024x1024.webp 1024w, https:\/\/meyazon.com\/wp-content\/uploads\/woocommerce-placeholder-150x150.webp 150w, https:\/\/meyazon.com\/wp-content\/uploads\/woocommerce-placeholder-768x768.webp 768w, https:\/\/meyazon.com\/wp-content\/uploads\/woocommerce-placeholder-370x370.webp 370w, https:\/\/meyazon.com\/wp-content\/uploads\/woocommerce-placeholder-600x600.webp 600w, https:\/\/meyazon.com\/wp-content\/uploads\/woocommerce-placeholder-100x100.webp 100w, https:\/\/meyazon.com\/wp-content\/uploads\/woocommerce-placeholder.webp 1200w\" sizes=\"(max-width: 300px) 100vw, 300px\" \/><span class=\"ribbons\"><span class=\"newness ribbon\">New<\/span><\/span><\/a><div class=\"footer-button\"><a href=\"https:\/\/meyazon.com\/index.php\/produit\/reverse-withdrawal-payment\/\" aria-describedby=\"woocommerce_loop_add_to_cart_link_describedby_4535\" data-quantity=\"1\" data-title=\"Reverse Withdrawal Payment\" class=\"button product_type_simple\" data-product_id=\"4535\" data-product_sku=\"\" aria-label=\"En savoir plus sur \u201cReverse Withdrawal Payment\u201d\" rel=\"nofollow\" data-success_message=\"\"><i class=\"p-icon icon-bag2\" data-rel=\"tooltip\" title=\"Lire la suite\"><\/i><span class=\"add-to-cart-text\">Lire la suite<\/span><\/a><span id=\"woocommerce_loop_add_to_cart_link_describedby_4535\" class=\"screen-reader-text\">\n\t<\/span>\n<a href=\"https:\/\/meyazon.com\/index.php\/produit\/reverse-withdrawal-payment\/\" data-id=\"4535\"  class=\"mf-product-quick-view\"><i class=\"p-icon icon-eye\" title=\"Quick View\" data-rel=\"tooltip\"><\/i><\/a><a href=\"https:\/\/meyazon.com\" data-quantity=\"1\" data-product_id=\"4535\"  data-product-title=\"Reverse Withdrawal Payment\" data-variations=\"\" class=\"wcboost-wishlist-button wcboost-wishlist-button--theme wp-element-button wcboost-wishlist-button--ajax added\" aria-label=\"Open the wishlist\" data-rel=\"tooltip\" title=\"Wishlist\">\r\n\t\t\t<span class=\"wcboost-wishlist-button__icon\"><svg viewBox=\"0 0 512 512\"><path d=\"M47.6 300.4L228.3 469.1c7.5 7 17.4 10.9 27.7 10.9s20.2-3.9 27.7-10.9L464.4 300.4c30.4-28.3 47.6-68 47.6-109.5v-5.8c0-69.9-50.5-129.5-119.4-141C347 36.5 300.6 51.4 268 84L256 96 244 84c-32.6-32.6-79-47.5-124.6-39.9C50.5 55.6 0 115.2 0 185.1v5.8c0 41.5 17.2 81.2 47.6 109.5z\"\/><\/svg><\/span>\r\n\t\t\t<span class=\"wcboost-wishlist-button__text\">Browse<\/span>\r\n\t\t<\/a><div class=\"mf-compare-button\"><a href=\"?add_to_compare=4535\" data-product_id=\"4535\" class=\"wcboost-products-compare-button wcboost-products-compare-button--ajax compare-button\" aria-label=\"Compare \u201cReverse Withdrawal Payment\u201d\" role=\"button\" title=\"Compare\" data-rel=\"tooltip\" data-product-title=\"Reverse Withdrawal Payment\">\r\n\t\t\t<span class=\"wcboost-products-compare-button__icon\"><svg viewBox=\"0 0 32 32\"><path d=\"M28 32h-25.6c-1.323 0-2.4-1.077-2.4-2.4v-25.6c0-1.323 1.077-2.4 2.4-2.4h25.6c1.323 0 2.4 1.077 2.4 2.4v25.6c0 1.323-1.077 2.4-2.4 2.4zM2.4 3.2c-0.442 0-0.8 0.358-0.8 0.8v25.6c0 0.442 0.358 0.8 0.8 0.8h25.6c0.442 0 0.8-0.358 0.8-0.8v-25.6c0-0.442-0.358-0.8-0.8-0.8h-25.6zM10.4 27.2h-3.2c-0.442 0-0.8-0.358-0.8-0.8v-14.4c0-0.442 0.358-0.8 0.8-0.8h3.2c0.442 0 0.8 0.358 0.8 0.8v14.4c0 0.442-0.358 0.8-0.8 0.8zM8 25.6h1.6v-12.8h-1.6v12.8zM16.8 27.2h-3.2c-0.442 0-0.8-0.358-0.8-0.8v-19.2c0-0.442 0.358-0.8 0.8-0.8h3.2c0.442 0 0.8 0.358 0.8 0.8v19.2c0 0.442-0.358 0.8-0.8 0.8zM14.4 25.6h1.6v-17.6h-1.6v17.6zM23.2 27.2h-3.2c-0.442 0-0.8-0.358-0.8-0.8v-8c0-0.442 0.358-0.8 0.8-0.8h3.2c0.442 0 0.8 0.358 0.8 0.8v8c0 0.442-0.358 0.8-0.8 0.8zM20.8 25.6h1.6v-6.4h-1.6v6.4z\"><\/path><\/svg><\/span>\r\n\t\t\t<span class=\"wcboost-products-compare-button__text\">Compare<\/span>\r\n\t\t<\/a><\/div><\/div><\/div><div class=\"mf-product-details\"><div class=\"mf-product-content\"><h2 class=\"woo-loop-product__title\"><a href=\"https:\/\/meyazon.com\/index.php\/produit\/reverse-withdrawal-payment\/\">Reverse Withdrawal Payment<\/a><\/h2><div class=\"sold-by-meta\">\n\t<span class=\"sold-by-label\">Sold By: <\/span>\n\t<a href=\"https:\/\/meyazon.com\/store\/atsamow\/\">atsamow<\/a>\n<\/div>\n\n<\/div><div class=\"mf-product-price-box\">\n<\/div><div class=\"mf-product-details-hover\"><div class=\"sold-by-meta\">\n\t<span class=\"sold-by-label\">Sold By: <\/span>\n\t<a href=\"https:\/\/meyazon.com\/store\/atsamow\/\">atsamow<\/a>\n<\/div>\n\n<h2 class=\"woo-loop-product__title\"><a href=\"https:\/\/meyazon.com\/index.php\/produit\/reverse-withdrawal-payment\/\">Reverse Withdrawal Payment<\/a><\/h2>\n<\/div><\/div><\/div><\/li>\n<li class=\"col-xs-6 col-sm-4 col-mf-5 un-5-cols product type-product post-5126 status-publish instock product_cat-consumer-electrics product_cat-office-electronics product_cat-printers product_cat-scanners product_tag-printer product_tag-technologies has-post-thumbnail shipping-taxable purchasable product-type-simple\">\n\t<div class=\"product-inner  clearfix\"><div class=\"mf-product-thumbnail\"><a href=\"https:\/\/meyazon.com\/index.php\/produit\/epsion-plaster-printer-2\/\"><img decoding=\"async\" width=\"300\" height=\"300\" src=\"https:\/\/meyazon.com\/wp-content\/uploads\/woocommerce-placeholder-300x300.webp\" class=\"woocommerce-placeholder wp-post-image\" alt=\"EPSION Plaster Printer\" srcset=\"https:\/\/meyazon.com\/wp-content\/uploads\/woocommerce-placeholder-300x300.webp 300w, https:\/\/meyazon.com\/wp-content\/uploads\/woocommerce-placeholder-1024x1024.webp 1024w, https:\/\/meyazon.com\/wp-content\/uploads\/woocommerce-placeholder-150x150.webp 150w, https:\/\/meyazon.com\/wp-content\/uploads\/woocommerce-placeholder-768x768.webp 768w, https:\/\/meyazon.com\/wp-content\/uploads\/woocommerce-placeholder-370x370.webp 370w, https:\/\/meyazon.com\/wp-content\/uploads\/woocommerce-placeholder-600x600.webp 600w, https:\/\/meyazon.com\/wp-content\/uploads\/woocommerce-placeholder-100x100.webp 100w, https:\/\/meyazon.com\/wp-content\/uploads\/woocommerce-placeholder.webp 1200w\" sizes=\"(max-width: 300px) 100vw, 300px\" \/><\/a><div class=\"footer-button\"><a href=\"\/index.php\/wp-json\/wp\/v2\/pages\/2281?add-to-cart=5126\" aria-describedby=\"woocommerce_loop_add_to_cart_link_describedby_5126\" data-quantity=\"1\" data-title=\"EPSION Plaster Printer\" class=\"button product_type_simple add_to_cart_button ajax_add_to_cart\" data-product_id=\"5126\" data-product_sku=\"CD987654314\" aria-label=\"Ajouter au panier\u00a0: \u201cEPSION Plaster Printer\u201d\" rel=\"nofollow\" data-success_message=\"\u00ab\u00a0EPSION Plaster Printer\u00a0\u00bb a \u00e9t\u00e9 ajout\u00e9 \u00e0 votre panier\" role=\"button\"><i class=\"p-icon icon-bag2\" data-rel=\"tooltip\" title=\"Ajouter au panier\"><\/i><span class=\"add-to-cart-text\">Ajouter au panier<\/span><\/a><span id=\"woocommerce_loop_add_to_cart_link_describedby_5126\" class=\"screen-reader-text\">\n\t<\/span>\n<a href=\"https:\/\/meyazon.com\/index.php\/produit\/epsion-plaster-printer-2\/\" data-id=\"5126\"  class=\"mf-product-quick-view\"><i class=\"p-icon icon-eye\" title=\"Quick View\" data-rel=\"tooltip\"><\/i><\/a><a href=\"?add-to-wishlist=5126\" data-quantity=\"1\" data-product_id=\"5126\"  data-product-title=\"EPSION Plaster Printer\" data-variations=\"\" class=\"wcboost-wishlist-button wcboost-wishlist-button--theme wp-element-button wcboost-wishlist-button--ajax\" aria-label=\"Add \u201cEPSION Plaster Printer\u201d to the wishlist\" data-rel=\"tooltip\" title=\"Wishlist\">\r\n\t\t\t<span class=\"wcboost-wishlist-button__icon\"><svg viewBox=\"0 0 32 32\"><path d=\"M15.2 30.4c-0.134 0-0.267-0.034-0.389-0.101-0.15-0.083-3.722-2.082-7.347-5.355-2.146-1.936-3.858-3.917-5.093-5.888-1.574-2.514-2.371-5.022-2.371-7.456 0-4.632 3.768-8.4 8.4-8.4 1.568 0 3.234 0.587 4.69 1.654 0.851 0.624 1.576 1.376 2.11 2.174 0.534-0.798 1.259-1.55 2.11-2.174 1.456-1.067 3.122-1.654 4.69-1.654 4.632 0 8.4 3.768 8.4 8.4 0 2.434-0.798 4.942-2.371 7.456-1.234 1.971-2.947 3.952-5.091 5.888-3.626 3.274-7.197 5.272-7.347 5.355-0.122 0.067-0.254 0.101-0.389 0.101zM8.4 4.8c-3.749 0-6.8 3.051-6.8 6.8 0 4.864 3.76 9.283 6.914 12.136 2.816 2.547 5.67 4.333 6.686 4.939 1.016-0.606 3.87-2.392 6.686-4.939 3.154-2.851 6.914-7.272 6.914-12.136 0-3.749-3.051-6.8-6.8-6.8-2.725 0-5.371 2.242-6.042 4.253-0.109 0.326-0.414 0.547-0.758 0.547s-0.65-0.221-0.758-0.547c-0.67-2.011-3.317-4.253-6.042-4.253z\"><\/path><\/svg><\/span>\r\n\t\t\t<span class=\"wcboost-wishlist-button__text\">Wishlist<\/span>\r\n\t\t<\/a><div class=\"mf-compare-button\"><a href=\"?add_to_compare=5126\" data-product_id=\"5126\" class=\"wcboost-products-compare-button wcboost-products-compare-button--ajax compare-button\" aria-label=\"Compare \u201cEPSION Plaster Printer\u201d\" role=\"button\" title=\"Compare\" data-rel=\"tooltip\" data-product-title=\"EPSION Plaster Printer\">\r\n\t\t\t<span class=\"wcboost-products-compare-button__icon\"><svg viewBox=\"0 0 32 32\"><path d=\"M28 32h-25.6c-1.323 0-2.4-1.077-2.4-2.4v-25.6c0-1.323 1.077-2.4 2.4-2.4h25.6c1.323 0 2.4 1.077 2.4 2.4v25.6c0 1.323-1.077 2.4-2.4 2.4zM2.4 3.2c-0.442 0-0.8 0.358-0.8 0.8v25.6c0 0.442 0.358 0.8 0.8 0.8h25.6c0.442 0 0.8-0.358 0.8-0.8v-25.6c0-0.442-0.358-0.8-0.8-0.8h-25.6zM10.4 27.2h-3.2c-0.442 0-0.8-0.358-0.8-0.8v-14.4c0-0.442 0.358-0.8 0.8-0.8h3.2c0.442 0 0.8 0.358 0.8 0.8v14.4c0 0.442-0.358 0.8-0.8 0.8zM8 25.6h1.6v-12.8h-1.6v12.8zM16.8 27.2h-3.2c-0.442 0-0.8-0.358-0.8-0.8v-19.2c0-0.442 0.358-0.8 0.8-0.8h3.2c0.442 0 0.8 0.358 0.8 0.8v19.2c0 0.442-0.358 0.8-0.8 0.8zM14.4 25.6h1.6v-17.6h-1.6v17.6zM23.2 27.2h-3.2c-0.442 0-0.8-0.358-0.8-0.8v-8c0-0.442 0.358-0.8 0.8-0.8h3.2c0.442 0 0.8 0.358 0.8 0.8v8c0 0.442-0.358 0.8-0.8 0.8zM20.8 25.6h1.6v-6.4h-1.6v6.4z\"><\/path><\/svg><\/span>\r\n\t\t\t<span class=\"wcboost-products-compare-button__text\">Compare<\/span>\r\n\t\t<\/a><\/div><\/div><\/div><div class=\"mf-product-details\"><div class=\"mf-product-content\"><h2 class=\"woo-loop-product__title\"><a href=\"https:\/\/meyazon.com\/index.php\/produit\/epsion-plaster-printer-2\/\">EPSION Plaster Printer<\/a><\/h2><div class=\"mf-rating\"><div class=\"star-rating\" role=\"img\" aria-label=\"Note 4.00 sur 5\"><span style=\"width:80%\">Note <strong class=\"rating\">4.00<\/strong> sur 5<\/span><\/div><span class=\"count\">03<\/span><\/div><div class=\"sold-by-meta\">\n\t<span class=\"sold-by-label\">Sold By: <\/span>\n\t<a href=\"https:\/\/meyazon.com\/store\/atsamow\/\">atsamow<\/a>\n<\/div>\n\n<\/div><div class=\"mf-product-price-box\">\n\t<span class=\"price\"><span class=\"woocommerce-Price-amount amount\"><bdi><span class=\"woocommerce-Price-currencySymbol\">$<\/span>223.28<\/bdi><\/span><\/span>\n<\/div><div class=\"mf-product-details-hover\"><div class=\"sold-by-meta\">\n\t<span class=\"sold-by-label\">Sold By: <\/span>\n\t<a href=\"https:\/\/meyazon.com\/store\/atsamow\/\">atsamow<\/a>\n<\/div>\n\n<h2 class=\"woo-loop-product__title\"><a href=\"https:\/\/meyazon.com\/index.php\/produit\/epsion-plaster-printer-2\/\">EPSION Plaster Printer<\/a><\/h2>\n\t<span class=\"price\"><span class=\"woocommerce-Price-amount amount\"><bdi><span class=\"woocommerce-Price-currencySymbol\">$<\/span>223.28<\/bdi><\/span><\/span>\n<\/div><\/div><\/div><\/li>\n<li class=\"col-xs-6 col-sm-4 col-mf-5 un-5-cols product type-product post-99 status-publish instock shipping-taxable product-type-simple\">\n\t<div class=\"product-inner  clearfix\"><div class=\"mf-product-thumbnail\"><a href=\"https:\/\/meyazon.com\/index.php\/produit\/xbox-one-wireless-controller-black-color\/\"><img fetchpriority=\"high\" decoding=\"async\" width=\"300\" height=\"300\" src=\"https:\/\/meyazon.com\/wp-content\/uploads\/woocommerce-placeholder-300x300.webp\" class=\"woocommerce-placeholder wp-post-image\" alt=\"Texte indicatif\" srcset=\"https:\/\/meyazon.com\/wp-content\/uploads\/woocommerce-placeholder-300x300.webp 300w, https:\/\/meyazon.com\/wp-content\/uploads\/woocommerce-placeholder-1024x1024.webp 1024w, https:\/\/meyazon.com\/wp-content\/uploads\/woocommerce-placeholder-150x150.webp 150w, https:\/\/meyazon.com\/wp-content\/uploads\/woocommerce-placeholder-768x768.webp 768w, https:\/\/meyazon.com\/wp-content\/uploads\/woocommerce-placeholder-370x370.webp 370w, https:\/\/meyazon.com\/wp-content\/uploads\/woocommerce-placeholder-600x600.webp 600w, https:\/\/meyazon.com\/wp-content\/uploads\/woocommerce-placeholder-100x100.webp 100w, https:\/\/meyazon.com\/wp-content\/uploads\/woocommerce-placeholder.webp 1200w\" sizes=\"(max-width: 300px) 100vw, 300px\" \/><\/a><div class=\"footer-button\"><a href=\"https:\/\/meyazon.com\/index.php\/produit\/xbox-one-wireless-controller-black-color\/\" aria-describedby=\"woocommerce_loop_add_to_cart_link_describedby_99\" data-quantity=\"1\" data-title=\"Xbox One Wireless Controller Black Color\" class=\"button product_type_simple\" data-product_id=\"99\" data-product_sku=\"\" aria-label=\"En savoir plus sur \u201cXbox One Wireless Controller Black Color\u201d\" rel=\"nofollow\" data-success_message=\"\"><i class=\"p-icon icon-bag2\" data-rel=\"tooltip\" title=\"Lire la suite\"><\/i><span class=\"add-to-cart-text\">Lire la suite<\/span><\/a><span id=\"woocommerce_loop_add_to_cart_link_describedby_99\" class=\"screen-reader-text\">\n\t<\/span>\n<a href=\"https:\/\/meyazon.com\/index.php\/produit\/xbox-one-wireless-controller-black-color\/\" data-id=\"99\"  class=\"mf-product-quick-view\"><i class=\"p-icon icon-eye\" title=\"Quick View\" data-rel=\"tooltip\"><\/i><\/a><a href=\"?add-to-wishlist=99\" data-quantity=\"1\" data-product_id=\"99\"  data-product-title=\"Xbox One Wireless Controller Black Color\" data-variations=\"\" class=\"wcboost-wishlist-button wcboost-wishlist-button--theme wp-element-button wcboost-wishlist-button--ajax\" aria-label=\"Add \u201cXbox One Wireless Controller Black Color\u201d to the wishlist\" data-rel=\"tooltip\" title=\"Wishlist\">\r\n\t\t\t<span class=\"wcboost-wishlist-button__icon\"><svg viewBox=\"0 0 32 32\"><path d=\"M15.2 30.4c-0.134 0-0.267-0.034-0.389-0.101-0.15-0.083-3.722-2.082-7.347-5.355-2.146-1.936-3.858-3.917-5.093-5.888-1.574-2.514-2.371-5.022-2.371-7.456 0-4.632 3.768-8.4 8.4-8.4 1.568 0 3.234 0.587 4.69 1.654 0.851 0.624 1.576 1.376 2.11 2.174 0.534-0.798 1.259-1.55 2.11-2.174 1.456-1.067 3.122-1.654 4.69-1.654 4.632 0 8.4 3.768 8.4 8.4 0 2.434-0.798 4.942-2.371 7.456-1.234 1.971-2.947 3.952-5.091 5.888-3.626 3.274-7.197 5.272-7.347 5.355-0.122 0.067-0.254 0.101-0.389 0.101zM8.4 4.8c-3.749 0-6.8 3.051-6.8 6.8 0 4.864 3.76 9.283 6.914 12.136 2.816 2.547 5.67 4.333 6.686 4.939 1.016-0.606 3.87-2.392 6.686-4.939 3.154-2.851 6.914-7.272 6.914-12.136 0-3.749-3.051-6.8-6.8-6.8-2.725 0-5.371 2.242-6.042 4.253-0.109 0.326-0.414 0.547-0.758 0.547s-0.65-0.221-0.758-0.547c-0.67-2.011-3.317-4.253-6.042-4.253z\"><\/path><\/svg><\/span>\r\n\t\t\t<span class=\"wcboost-wishlist-button__text\">Wishlist<\/span>\r\n\t\t<\/a><div class=\"mf-compare-button\"><a href=\"?add_to_compare=99\" data-product_id=\"99\" class=\"wcboost-products-compare-button wcboost-products-compare-button--ajax compare-button\" aria-label=\"Compare \u201cXbox One Wireless Controller Black Color\u201d\" role=\"button\" title=\"Compare\" data-rel=\"tooltip\" data-product-title=\"Xbox One Wireless Controller Black Color\">\r\n\t\t\t<span class=\"wcboost-products-compare-button__icon\"><svg viewBox=\"0 0 32 32\"><path d=\"M28 32h-25.6c-1.323 0-2.4-1.077-2.4-2.4v-25.6c0-1.323 1.077-2.4 2.4-2.4h25.6c1.323 0 2.4 1.077 2.4 2.4v25.6c0 1.323-1.077 2.4-2.4 2.4zM2.4 3.2c-0.442 0-0.8 0.358-0.8 0.8v25.6c0 0.442 0.358 0.8 0.8 0.8h25.6c0.442 0 0.8-0.358 0.8-0.8v-25.6c0-0.442-0.358-0.8-0.8-0.8h-25.6zM10.4 27.2h-3.2c-0.442 0-0.8-0.358-0.8-0.8v-14.4c0-0.442 0.358-0.8 0.8-0.8h3.2c0.442 0 0.8 0.358 0.8 0.8v14.4c0 0.442-0.358 0.8-0.8 0.8zM8 25.6h1.6v-12.8h-1.6v12.8zM16.8 27.2h-3.2c-0.442 0-0.8-0.358-0.8-0.8v-19.2c0-0.442 0.358-0.8 0.8-0.8h3.2c0.442 0 0.8 0.358 0.8 0.8v19.2c0 0.442-0.358 0.8-0.8 0.8zM14.4 25.6h1.6v-17.6h-1.6v17.6zM23.2 27.2h-3.2c-0.442 0-0.8-0.358-0.8-0.8v-8c0-0.442 0.358-0.8 0.8-0.8h3.2c0.442 0 0.8 0.358 0.8 0.8v8c0 0.442-0.358 0.8-0.8 0.8zM20.8 25.6h1.6v-6.4h-1.6v6.4z\"><\/path><\/svg><\/span>\r\n\t\t\t<span class=\"wcboost-products-compare-button__text\">Compare<\/span>\r\n\t\t<\/a><\/div><\/div><\/div><div class=\"mf-product-details\"><div class=\"mf-product-content\"><h2 class=\"woo-loop-product__title\"><a href=\"https:\/\/meyazon.com\/index.php\/produit\/xbox-one-wireless-controller-black-color\/\">Xbox One Wireless Controller Black Color<\/a><\/h2><div class=\"sold-by-meta\">\n\t<span class=\"sold-by-label\">Sold By: <\/span>\n\t<a href=\"https:\/\/meyazon.com\/store\/atsamow\/\">atsamow<\/a>\n<\/div>\n\n<\/div><div class=\"mf-product-price-box\">\n<\/div><div class=\"mf-product-details-hover\"><div class=\"sold-by-meta\">\n\t<span class=\"sold-by-label\">Sold By: <\/span>\n\t<a href=\"https:\/\/meyazon.com\/store\/atsamow\/\">atsamow<\/a>\n<\/div>\n\n<h2 class=\"woo-loop-product__title\"><a href=\"https:\/\/meyazon.com\/index.php\/produit\/xbox-one-wireless-controller-black-color\/\">Xbox One Wireless Controller Black Color<\/a><\/h2>\n<\/div><\/div><\/div><\/li>\n<li class=\"col-xs-6 col-sm-4 col-mf-5 un-5-cols product type-product post-5139 status-publish outofstock product_cat-cookware product_cat-garden-kitchen product_tag-cooker product_tag-sport has-post-thumbnail shipping-taxable purchasable product-type-simple\">\n\t<div class=\"product-inner  clearfix\"><div class=\"mf-product-thumbnail\"><a href=\"https:\/\/meyazon.com\/index.php\/produit\/aroma-rice-cooker-2\/\"><img decoding=\"async\" width=\"300\" height=\"300\" src=\"https:\/\/meyazon.com\/wp-content\/uploads\/woocommerce-placeholder-300x300.webp\" class=\"woocommerce-placeholder wp-post-image\" alt=\"Aroma Rice Cooker\" srcset=\"https:\/\/meyazon.com\/wp-content\/uploads\/woocommerce-placeholder-300x300.webp 300w, https:\/\/meyazon.com\/wp-content\/uploads\/woocommerce-placeholder-1024x1024.webp 1024w, https:\/\/meyazon.com\/wp-content\/uploads\/woocommerce-placeholder-150x150.webp 150w, https:\/\/meyazon.com\/wp-content\/uploads\/woocommerce-placeholder-768x768.webp 768w, https:\/\/meyazon.com\/wp-content\/uploads\/woocommerce-placeholder-370x370.webp 370w, https:\/\/meyazon.com\/wp-content\/uploads\/woocommerce-placeholder-600x600.webp 600w, https:\/\/meyazon.com\/wp-content\/uploads\/woocommerce-placeholder-100x100.webp 100w, https:\/\/meyazon.com\/wp-content\/uploads\/woocommerce-placeholder.webp 1200w\" sizes=\"(max-width: 300px) 100vw, 300px\" \/><span class=\"ribbons\"><span class=\"out-of-stock ribbon\">Out Of Stock<\/span><\/span><\/a><div class=\"footer-button\"><a href=\"https:\/\/meyazon.com\/index.php\/produit\/aroma-rice-cooker-2\/\" aria-describedby=\"woocommerce_loop_add_to_cart_link_describedby_5139\" data-quantity=\"1\" data-title=\"Aroma Rice Cooker\" class=\"button product_type_simple\" data-product_id=\"5139\" data-product_sku=\"RO9980034123\" aria-label=\"En savoir plus sur \u201cAroma Rice Cooker\u201d\" rel=\"nofollow\" data-success_message=\"\"><i class=\"p-icon icon-bag2\" data-rel=\"tooltip\" title=\"Lire la suite\"><\/i><span class=\"add-to-cart-text\">Lire la suite<\/span><\/a><span id=\"woocommerce_loop_add_to_cart_link_describedby_5139\" class=\"screen-reader-text\">\n\t<\/span>\n<a href=\"https:\/\/meyazon.com\/index.php\/produit\/aroma-rice-cooker-2\/\" data-id=\"5139\"  class=\"mf-product-quick-view\"><i class=\"p-icon icon-eye\" title=\"Quick View\" data-rel=\"tooltip\"><\/i><\/a><a href=\"?add-to-wishlist=5139\" data-quantity=\"1\" data-product_id=\"5139\"  data-product-title=\"Aroma Rice Cooker\" data-variations=\"\" class=\"wcboost-wishlist-button wcboost-wishlist-button--theme wp-element-button wcboost-wishlist-button--ajax\" aria-label=\"Add \u201cAroma Rice Cooker\u201d to the wishlist\" data-rel=\"tooltip\" title=\"Wishlist\">\r\n\t\t\t<span class=\"wcboost-wishlist-button__icon\"><svg viewBox=\"0 0 32 32\"><path d=\"M15.2 30.4c-0.134 0-0.267-0.034-0.389-0.101-0.15-0.083-3.722-2.082-7.347-5.355-2.146-1.936-3.858-3.917-5.093-5.888-1.574-2.514-2.371-5.022-2.371-7.456 0-4.632 3.768-8.4 8.4-8.4 1.568 0 3.234 0.587 4.69 1.654 0.851 0.624 1.576 1.376 2.11 2.174 0.534-0.798 1.259-1.55 2.11-2.174 1.456-1.067 3.122-1.654 4.69-1.654 4.632 0 8.4 3.768 8.4 8.4 0 2.434-0.798 4.942-2.371 7.456-1.234 1.971-2.947 3.952-5.091 5.888-3.626 3.274-7.197 5.272-7.347 5.355-0.122 0.067-0.254 0.101-0.389 0.101zM8.4 4.8c-3.749 0-6.8 3.051-6.8 6.8 0 4.864 3.76 9.283 6.914 12.136 2.816 2.547 5.67 4.333 6.686 4.939 1.016-0.606 3.87-2.392 6.686-4.939 3.154-2.851 6.914-7.272 6.914-12.136 0-3.749-3.051-6.8-6.8-6.8-2.725 0-5.371 2.242-6.042 4.253-0.109 0.326-0.414 0.547-0.758 0.547s-0.65-0.221-0.758-0.547c-0.67-2.011-3.317-4.253-6.042-4.253z\"><\/path><\/svg><\/span>\r\n\t\t\t<span class=\"wcboost-wishlist-button__text\">Wishlist<\/span>\r\n\t\t<\/a><div class=\"mf-compare-button\"><a href=\"?add_to_compare=5139\" data-product_id=\"5139\" class=\"wcboost-products-compare-button wcboost-products-compare-button--ajax compare-button\" aria-label=\"Compare \u201cAroma Rice Cooker\u201d\" role=\"button\" title=\"Compare\" data-rel=\"tooltip\" data-product-title=\"Aroma Rice Cooker\">\r\n\t\t\t<span class=\"wcboost-products-compare-button__icon\"><svg viewBox=\"0 0 32 32\"><path d=\"M28 32h-25.6c-1.323 0-2.4-1.077-2.4-2.4v-25.6c0-1.323 1.077-2.4 2.4-2.4h25.6c1.323 0 2.4 1.077 2.4 2.4v25.6c0 1.323-1.077 2.4-2.4 2.4zM2.4 3.2c-0.442 0-0.8 0.358-0.8 0.8v25.6c0 0.442 0.358 0.8 0.8 0.8h25.6c0.442 0 0.8-0.358 0.8-0.8v-25.6c0-0.442-0.358-0.8-0.8-0.8h-25.6zM10.4 27.2h-3.2c-0.442 0-0.8-0.358-0.8-0.8v-14.4c0-0.442 0.358-0.8 0.8-0.8h3.2c0.442 0 0.8 0.358 0.8 0.8v14.4c0 0.442-0.358 0.8-0.8 0.8zM8 25.6h1.6v-12.8h-1.6v12.8zM16.8 27.2h-3.2c-0.442 0-0.8-0.358-0.8-0.8v-19.2c0-0.442 0.358-0.8 0.8-0.8h3.2c0.442 0 0.8 0.358 0.8 0.8v19.2c0 0.442-0.358 0.8-0.8 0.8zM14.4 25.6h1.6v-17.6h-1.6v17.6zM23.2 27.2h-3.2c-0.442 0-0.8-0.358-0.8-0.8v-8c0-0.442 0.358-0.8 0.8-0.8h3.2c0.442 0 0.8 0.358 0.8 0.8v8c0 0.442-0.358 0.8-0.8 0.8zM20.8 25.6h1.6v-6.4h-1.6v6.4z\"><\/path><\/svg><\/span>\r\n\t\t\t<span class=\"wcboost-products-compare-button__text\">Compare<\/span>\r\n\t\t<\/a><\/div><\/div><\/div><div class=\"mf-product-details\"><div class=\"mf-product-content\"><h2 class=\"woo-loop-product__title\"><a href=\"https:\/\/meyazon.com\/index.php\/produit\/aroma-rice-cooker-2\/\">Aroma Rice Cooker<\/a><\/h2><div class=\"mf-rating\"><div class=\"star-rating\" role=\"img\" aria-label=\"Note 1.00 sur 5\"><span style=\"width:20%\">Note <strong class=\"rating\">1.00<\/strong> sur 5<\/span><\/div><span class=\"count\">01<\/span><\/div><div class=\"sold-by-meta\">\n\t<span class=\"sold-by-label\">Sold By: <\/span>\n\t<a href=\"https:\/\/meyazon.com\/store\/atsamow\/\">atsamow<\/a>\n<\/div>\n\n<\/div><div class=\"mf-product-price-box\">\n\t<span class=\"price\"><span class=\"woocommerce-Price-amount amount\"><bdi><span class=\"woocommerce-Price-currencySymbol\">$<\/span>275.50<\/bdi><\/span><\/span>\n<\/div><div class=\"mf-product-details-hover\"><div class=\"sold-by-meta\">\n\t<span class=\"sold-by-label\">Sold By: <\/span>\n\t<a href=\"https:\/\/meyazon.com\/store\/atsamow\/\">atsamow<\/a>\n<\/div>\n\n<h2 class=\"woo-loop-product__title\"><a href=\"https:\/\/meyazon.com\/index.php\/produit\/aroma-rice-cooker-2\/\">Aroma Rice Cooker<\/a><\/h2>\n\t<span class=\"price\"><span class=\"woocommerce-Price-amount amount\"><bdi><span class=\"woocommerce-Price-currencySymbol\">$<\/span>275.50<\/bdi><\/span><\/span>\n<\/div><\/div><\/div><\/li>\n<\/ul>\n\t\t<nav class=\"navigation paging-navigation numeric-navigation\">\r\n\t\t\t\t\t<\/nav>\r\n\t\t<\/div>\t\t\t\t<\/div>\n\t\t\t\t<\/div>\n\t\t\t\t\t<\/div>\n\t\t<\/div>\n\t\t\t\t\t<\/div>\n\t\t<\/section>\n\t\t\t\t<\/div>\n\t\t","protected":false},"excerpt":{"rendered":"<p>Add to cart Add to Wishlist Product added! Browse Wishlist The product is already in the wishlist! Browse Wishlist Compare Apple iPhone Retina 6s Plus 64GB Rated 4.67 out of 503 $1,250.60 Apple iPhone Retina 6s Plus 64GB Rated 4.67 out of 503 $1,250.60 -28%Add to cart Add to Wishlist Product added! Browse Wishlist The&hellip;<\/p>\n","protected":false},"author":1,"featured_media":0,"parent":0,"menu_order":0,"comment_status":"closed","ping_status":"closed","template":"","meta":{"footnotes":""},"class_list":["post-2281","page","type-page","status-publish","hentry"],"_hostinger_reach_plugin_has_subscription_block":false,"_hostinger_reach_plugin_is_elementor":false,"_links":{"self":[{"href":"https:\/\/meyazon.com\/index.php\/wp-json\/wp\/v2\/pages\/2281","targetHints":{"allow":["GET"]}}],"collection":[{"href":"https:\/\/meyazon.com\/index.php\/wp-json\/wp\/v2\/pages"}],"about":[{"href":"https:\/\/meyazon.com\/index.php\/wp-json\/wp\/v2\/types\/page"}],"author":[{"embeddable":true,"href":"https:\/\/meyazon.com\/index.php\/wp-json\/wp\/v2\/users\/1"}],"replies":[{"embeddable":true,"href":"https:\/\/meyazon.com\/index.php\/wp-json\/wp\/v2\/comments?post=2281"}],"version-history":[{"count":0,"href":"https:\/\/meyazon.com\/index.php\/wp-json\/wp\/v2\/pages\/2281\/revisions"}],"wp:attachment":[{"href":"https:\/\/meyazon.com\/index.php\/wp-json\/wp\/v2\/media?parent=2281"}],"curies":[{"name":"wp","href":"https:\/\/api.w.org\/{rel}","templated":true}]}}